11028 is divided by 14.
10
Calculate the remainder when 275 is divided by 18.
5
Calculate the remainder when 49 is divided by 9.
4
What is the remainder when 653 is divided by 94?
89
Calculate the remainder when 21218 is divided by 20.
18
What is the remainder when 449 is divided by 90?
89
Calculate the remainder when 376 is divided by 9.
7
Calculate the remainder when 493 is divided by 98.
3
What is the remainder when 270 is divided by 34?
32
What is the remainder when 574 is divided by 10?
4
Calculate the remainder when 222 is divided by 42.
12
Calculate the remainder when 998 is divided by 491.
16
Calculate the remainder when 971 is divided by 76.
59
Calculate the remainder when 3033 is divided by 69.
66
What is the remainder when 34846 is divided by 242?
240
Calculate the remainder when 268 is divided by 54.
52
Calculate the remainder when 4271 is divided by 12.
11
What is the remainder when 10201 is divided by 35?
16
Calculate the remainder when 4135 is divided by 75.
10
What is the remainder when 26835 is divided by 7?
4
What is the remainder when 1137 is divided by 114?
111
Calculate the remainder when 462 is divided by 90.
12
Calculate the remainder when 540 is divided by 181.
178
What is the remainder when 132 is divided by 26?
2
Calculate the remainder when 973 is divided by 244.
241
What is the remainder when 102 is divided by 35?
32
What is the remainder when 369 is divided by 77?
61
Calculate the remainder when 2116 is divided by 299.
23
What is the remainder when 530 is divided by 18?
8
What is the remainder when 842 is divided by 84?
2
Calculate the remainder when 320 is divided by 94.
38
Calculate the remainder when 278 is divided by 41.
32
What is the remainder when 3344 is divided by 27?
23
What is the remainder when 1118 is divided by 94?
84
What is the remainder when 3057 is divided by 4?
1
Calculate the remainder when 23 is divided by 13.
10
What is the remainder when 1699 is divided by 7?
5
Calculate the remainder when 1480 is divided by 134.
6
Calculate the remainder when 563 is divided by 22.
13
What is the remainder when 4245 is divided by 36?
33
What is the remainder when 3353 is divided by 198?
185
Calculate the remainder when 78 is divided by 13.
0
What is the remainder when 3305 is divided by 97?
7
Calculate the remainder when 22949 is divided by 150.
149
Calculate the remainder when 61 is divided by 24.
13
What is the remainder when 1315 is divided by 25?
15
What is the remainder when 174 is divided by 89?
85
Calculate the remainder when 32 is divided by 9.
5
What is the remainder when 64 is divided by 55?
9
Calculate the remainder when 1090 is divided by 63.
19
Calculate the remainder when 1564 is divided by 85.
34
Calculate the remainder when 17 is divided by 15.
2
Calculate the remainder when 1200 is divided by 59.
20
Calculate the remainder when 28994 is divided by 15.
14
What is the remainder when 139 is divided by 51?
37
What is the remainder when 4615 is divided by 57?
55
What is the remainder when 1409 is divided by 141?
140
What is the remainder when 145 is divided by 17?
9
What is the remainder when 438 is divided by 34?
30
What is the remainder when 253 is divided by 16?
13
What is the remainder when 160 is divided by 3?
1
Calculate the remainder when 107 is divided by 55.
52
What is the remainder when 1749 is divided by 250?
249
Calculate the remainder when 13398 is divided by 4.
2
What is the remainder when 34 is divided by 33?
1
Calculate the remainder when 3712 is divided by 28.
16
Calculate the remainder when 8399 is divided by 6.
5
Calculate the remainder when 339 is divided by 21.
3
What is the remainder when 824 is divided by 49?
40
Calculate the remainder when 111 is divided by 24.
15
Calculate the remainder when 2478 is divided by 826.
0
Calculate the remainder when 86 is divided by 27.
5
Calculate the remainder when 511 is divided by 37.
30
What is the remainder when 38 is divided by 26?
12
What is the remainder when 11 is divided by 3?
2
Calculate the remainder when 674 is divided by 185.
119
What is the remainder when 170 is divided by 22?
16
Calculate the remainder when 14 is divided by 13.
1
Calculate the remainder when 9 is divided by 9.
0
What is the remainder when 2148 is divided by 267?
12
What is the remainder when 38 is divided by 23?
15
What is the remainder when 933 is divided by 39?
36
What is the remainder when 2772 is divided by 116?
104
Calculate the remainder when 2377 is divided by 82.
81
What is the remainder when 47 is divided by 6?
5
Calculate the remainder when 648 is divided by 178.
114
Calculate the remainder when 200 is divided by 15.
5
What is the remainder when 265 is divided by 30?
25
What is the remainder when 1041 is divided by 55?
51
Calculate the remainder when 2759 is divided by 71.
61
Calculate the remainder when 3444 is divided by 53.
52
What is the remainder when 89 is divided by 23?
20
Calculate the remainder when 538 is divided by 132.
10
Calculate the remainder when 10853 is divided by 162.
161
What is the remainder when 22 is divided by 1?
0
What is the remainder when 1236 is divided by 250?
236
Calculate the remainder when 432 is divided by 29.
26
What is the remainder when 77 is divided by 45?
32
Calculate the remainder when 50 is divided by 17.
16
Calculate the remainder when 1981 is divided by 135.
91
What is the remainder when 2861 is divided by 18?
17
Calculate the remainder when 2143 is divided by 354.
19
What is the remainder when 302 is divided by 24?
14
What is the remainder when 48 is divided by 26?
22
What is the remainder when 1098 is divided by 157?
156
What is the remainder when 6160 is divided by 2052?
4
What is the remainder when 608 is divided by 131?
84
Calculate the remainder when 419 is divided by 35.
34
What is the remainder when 77 is divided by 34?
9
Calculate the remainder when 645 is divided by 197.
54
What is the remainder when 2729 is divided by 1358?
13
What is the remainder when 646 is divided by 54?
52
Calculate the remainder when 111 is divided by 8.
7
What is the remainder when 138 is divided by 28?
26
What is the remainder when 127 is divided by 16?
15
Calculate the remainder when 173 is divided by 93.
80
What is the remainder when 324 is divided by 105?
9
What is the remainder when 1397 is divided by 56?
53
Calculate the remainder when 2783 is divided by 8.
7
What is the remainder when 39 is divided by 8?
7
What is the remainder when 408 is divided by 95?
28
Calculate the remainder when 200 is divided by 102.
98
What is the remainder when 318 is divided by 64?
62
What is the remainder when 1436 is divided by 90?
86
Calculate the remainder when 764 is divided by 12.
8
Calculate the remainder when 6583 is divided by 51.
4
Calculate the remainder when 856 is divided by 20.
16
What is the remainder when 2634 is divided by 878?
0
What is the remainder when 425 is divided by 93?
53
Calculate the remainder when 1855 is divided by 19.
12
Calculate the remainder when 19 is divided by 11.
8
Calculate the remainder when 28 is divided by 11.
6
Calculate the remainder when 186 is divided by 97.
89
What is the remainder when 13902 is divided by 16?
14
What is the remainder when 230 is divided by 9?
5
Calculate the remainder when 531 is divided by 28.
27
Calculate the remainder when 537 is divided by 18.
15
What is the remainder when 243 is divided by 5?
3
What is the remainder when 74974 is divided by 132?
130
Calculate the remainder when 95 is divided by 18.
5
Calculate the remainder when 53634 is divided by 22.
20
Calculate the remainder when 226 is divided by 134.
92
Calculate the remainder when 638 is divided by 113.
73
What is the remainder when 36 is divided by 8?
4
What is the remainder when 193 is divided by 43?
21
What is the remainder when 1761 is divided by 61?
53
Calculate the remainder when 1157 is divided by 191.
11
What is the remainder when 43 is divided by 28?
15
Calculate the remainder when 517 is divided by 168.
13
Calculate the remainder when 243 is divided by 81.
0
What is the remainder when 240 is divided by 89?
62
What is the remainder when 93 is divided by 48?
45
What is the remainder when 8 is divided by 6?
2
Calculate the remainder when 716 is divided by 97.
37
Calculate the remainder when 217 is divid